{"id":5754,"date":"2025-07-16T11:37:34","date_gmt":"2025-07-16T09:37:34","guid":{"rendered":"https:\/\/inventozen.com\/?page_id=5754"},"modified":"2025-07-17T15:13:14","modified_gmt":"2025-07-17T13:13:14","slug":"quien-creo-el-primer-catalogo-razonado-de-la-historia","status":"publish","type":"page","link":"https:\/\/inventozen.com\/index.php\/es\/aticulo-esencial-catalogo-razonado\/quien-creo-el-primer-catalogo-razonado-de-la-historia\/","title":{"rendered":"\u00bfQui\u00e9n cre\u00f3 el primer Cat\u00e1logo Razonado de la Historia?"},"content":{"rendered":"<div class=\"wpb-content-wrapper\"><p>[vc_row css_animation=\u00a0\u00bb\u00a0\u00bb row_type=\u00a0\u00bbrow\u00a0\u00bb use_row_as_full_screen_section=\u00a0\u00bbno\u00a0\u00bb type=\u00a0\u00bbgrid\u00a0\u00bb angled_section=\u00a0\u00bbno\u00a0\u00bb text_align=\u00a0\u00bbleft\u00a0\u00bb background_image_as_pattern=\u00a0\u00bbwithout_pattern\u00a0\u00bb z_index=\u00a0\u00bb\u00a0\u00bb css=\u00a0\u00bb.vc_custom_1725962007653{background-color: #F8FAFC !important;}\u00a0\u00bb][vc_column width=\u00a0\u00bb2\/3&Prime;][vc_empty_space][vc_column_text css=\u00a0\u00bb\u00a0\u00bb]<\/p>\n<h1 style=\"color: #006eab; text-transform: uppercase; font-weight: 600; font-size: 25px; line-height: 27px;\">\u00bfQui\u00e9n cre\u00f3 el primer Cat\u00e1logo Razonado de la Historia?<\/h1>\n<p>[\/vc_column_text][vc_empty_space height=\u00a0\u00bb20px\u00a0\u00bb][\/vc_column][vc_column width=\u00a0\u00bb1\/3&Prime;][\/vc_column][\/vc_row][vc_row css_animation=\u00a0\u00bb\u00a0\u00bb row_type=\u00a0\u00bbrow\u00a0\u00bb use_row_as_full_screen_section=\u00a0\u00bbno\u00a0\u00bb type=\u00a0\u00bbgrid\u00a0\u00bb angled_section=\u00a0\u00bbno\u00a0\u00bb text_align=\u00a0\u00bbleft\u00a0\u00bb background_image_as_pattern=\u00a0\u00bbwithout_pattern\u00a0\u00bb z_index=\u00a0\u00bb\u00a0\u00bb css=\u00a0\u00bb.vc_custom_1725962054189{background-color: #F8FAFC !important;}\u00a0\u00bb][vc_column][vc_row_inner row_type=\u00a0\u00bbrow\u00a0\u00bb type=\u00a0\u00bbfull_width\u00a0\u00bb text_align=\u00a0\u00bbleft\u00a0\u00bb css_animation=\u00a0\u00bb\u00a0\u00bb][vc_column_inner width=\u00a0\u00bb2\/3&Prime;][vc_column_text css=\u00a0\u00bb\u00a0\u00bb]El primer Cat\u00e1logo razonado se remonta <strong>a mediados del siglo XVIII<\/strong>, en la encrucijada entre la historia del arte, el comercio y el pensamiento enciclop\u00e9dico.<\/p>\n<p>&nbsp;<\/p>\n<p><strong>En 1751<\/strong>, el marchante de arte parisino Edm\u00e9-Fran\u00e7ois Gersaint, principal representante de Rembrandt en Francia, public\u00f3 p\u00f3stumamente (gracias a sus colaboradores) el Cat\u00e1logo razonado de la obra grabada de Rembrandt, titulado \u00ab\u00a0<em>Catalogue raisonn\u00e9 de toutes les pi\u00e8ces qui forment l\u2019\u0153uvre de Rembrandt.<\/em>\u00a0\u00bb<\/p>\n<p>&nbsp;<\/p>\n<p><strong>Este documento constituye un hito hist\u00f3rico<\/strong>: por primera vez, un corpus art\u00edstico se presenta de forma sistem\u00e1tica, con descripciones, clasificaciones y criterios de autenticidad.\u2028Cada grabado est\u00e1 registrado, analizado y, en algunos casos, comparado con otras versiones o estados \u2014 un nivel de rigor cient\u00edfico in\u00e9dito para la \u00e9poca<strong>.<\/strong>[\/vc_column_text][vc_empty_space height=\u00a0\u00bb20px\u00a0\u00bb][vc_column_text css=\u00a0\u00bb\u00a0\u00bb]El t\u00e9rmino \u00ab\u00a0<strong>Cat\u00e1logo razonado<\/strong>\u00a0\u00bb refleja claramente la ambici\u00f3n intelectual del proyecto: ordenar el aparente caos de la creaci\u00f3n mediante una metodolog\u00eda cr\u00edtica.\u2028No se trata de un simple inventario comercial, sino de un intento por fijar la memoria de la obra de forma fiable y duradera.<\/p>\n<p>&nbsp;<\/p>\n<p>Este modelo influir\u00e1 profundamente en la forma en que los historiadores del arte, coleccionistas e instituciones abordan la autenticaci\u00f3n.\u2028Durante el siglo XIX, el cat\u00e1logo razonado se convierte en una herramienta habitual en los c\u00edrculos art\u00edsticos europeos, especialmente para los grandes maestros (Vel\u00e1zquez, Rubens, Ingres&#8230;), y se consolida en el siglo XX con un rigor acad\u00e9mico, especialmente alrededor de Picasso, Matisse o Monet.<\/p>\n<p>&nbsp;<\/p>\n<p>Con el tiempo, <strong>el Cat\u00e1logo razonado se ha impuesto como la referencia absoluta<\/strong> para atribuir, autenticar y documentar la totalidad de la obra de un artista.\u2028Hoy en d\u00eda, es una herramienta esencial para investigadores, coleccionistas, casas de subastas e instituciones muse\u00edsticas.<\/p>\n<p>&nbsp;<\/p>\n<p>Este trabajo de largo aliento requiere rigor, metodolog\u00eda e imparcialidad. Tambi\u00e9n implica una responsabilidad \u00e9tica: contribuir a la transmisi\u00f3n de un legado art\u00edstico fiable, coherente y sostenible.[\/vc_column_text][vc_empty_space height=\u00a0\u00bb20px\u00a0\u00bb][vc_column_text css=\u00a0\u00bb\u00a0\u00bb]<\/p>\n<h3 style=\"font-weight: bold; font-size: 17px; line-height: 20px;\">Inventozen te acompa\u00f1a en este proceso tan exigente como apasionante de creaci\u00f3n de Cat\u00e1logos razonados.<\/h3>\n<p>&nbsp;<\/p>\n<h3 style=\"font-weight: bold; font-size: 17px; line-height: 20px;\">Inventozen es la soluci\u00f3n de referencia para crear, archivar y difundir cat\u00e1logos razonados en l\u00ednea, con un enfoque en la visibilidad, la estructuraci\u00f3n y la protecci\u00f3n de las obras de arte.<\/h3>\n<p>&nbsp;<\/p>\n<h3 style=\"font-weight: bold; font-size: 17px; line-height: 20px;\">Con m\u00e1s de 120 Cat\u00e1logos razonados en desarrollo, Inventozen se consolida como un actor de referencia en la protecci\u00f3n, clasificaci\u00f3n y transmisi\u00f3n del patrimonio art\u00edstico.<\/h3>\n<p>[\/vc_column_text][\/vc_column_inner][vc_column_inner width=\u00a0\u00bb1\/3&Prime;][\/vc_column_inner][\/vc_row_inner][\/vc_column][\/vc_row][vc_row css_animation=\u00a0\u00bb\u00a0\u00bb row_type=\u00a0\u00bbrow\u00a0\u00bb use_row_as_full_screen_section=\u00a0\u00bbno\u00a0\u00bb type=\u00a0\u00bbgrid\u00a0\u00bb angled_section=\u00a0\u00bbno\u00a0\u00bb text_align=\u00a0\u00bbleft\u00a0\u00bb background_image_as_pattern=\u00a0\u00bbwithout_pattern\u00a0\u00bb z_index=\u00a0\u00bb\u00a0\u00bb css=\u00a0\u00bb.vc_custom_1725962054189{background-color: #F8FAFC !important;}\u00a0\u00bb][vc_column][vc_empty_space][vc_row_inner row_type=\u00a0\u00bbrow\u00a0\u00bb type=\u00a0\u00bbfull_width\u00a0\u00bb text_align=\u00a0\u00bbleft\u00a0\u00bb css_animation=\u00a0\u00bb\u00a0\u00bb][vc_column_inner width=\u00a0\u00bb1\/2&Prime;]<a  itemprop=\"url\" href=\"https:\/\/inventozen.com\/index.php\/es\/solucion-catalogos-razonados\/\" target=\"_self\" data-hover-color='#EEEEEE' class=\"qbutton  large default\" style=\"color: #FFFFFF; margin: 8; background-color: #008BD4;\">Descubra nuestra soluci\u00f3n Cat\u00e1logo razonado<\/a>[\/vc_column_inner][vc_column_inner width=\u00a0\u00bb1\/2&Prime;][\/vc_column_inner][\/vc_row_inner][vc_empty_space height=\u00a0\u00bb22px\u00a0\u00bb][\/vc_column][\/vc_row][vc_row css_animation=\u00a0\u00bb\u00a0\u00bb row_type=\u00a0\u00bbrow\u00a0\u00bb use_row_as_full_screen_section=\u00a0\u00bbno\u00a0\u00bb type=\u00a0\u00bbgrid\u00a0\u00bb angled_section=\u00a0\u00bbno\u00a0\u00bb text_align=\u00a0\u00bbleft\u00a0\u00bb background_image_as_pattern=\u00a0\u00bbwithout_pattern\u00a0\u00bb z_index=\u00a0\u00bb\u00a0\u00bb css=\u00a0\u00bb.vc_custom_1725962054189{background-color: #F8FAFC !important;}\u00a0\u00bb][vc_column][vc_empty_space][vc_column_text css=\u00a0\u00bb\u00a0\u00bb]<\/p>\n<h6 style=\"text-align: left;\"><span><span><a href=\"https:\/\/inventozen.com\/\">Accueil<\/a><\/span><\/span><\/h6>\n<p>[\/vc_column_text][vc_empty_space height=\u00a0\u00bb22px\u00a0\u00bb][\/vc_column][\/vc_row][vc_row css_animation=\u00a0\u00bb\u00a0\u00bb row_type=\u00a0\u00bbrow\u00a0\u00bb use_row_as_full_screen_section=\u00a0\u00bbno\u00a0\u00bb type=\u00a0\u00bbfull_width\u00a0\u00bb angled_section=\u00a0\u00bbno\u00a0\u00bb text_align=\u00a0\u00bbleft\u00a0\u00bb background_image_as_pattern=\u00a0\u00bbwithout_pattern\u00a0\u00bb z_index=\u00a0\u00bb\u00a0\u00bb css=\u00a0\u00bb.vc_custom_1725713227228{background-color: #F8FAFC !important;}\u00a0\u00bb][vc_column][vc_empty_space height=\u00a0\u00bb62px\u00a0\u00bb][vc_row_inner row_type=\u00a0\u00bbrow\u00a0\u00bb type=\u00a0\u00bbgrid\u00a0\u00bb text_align=\u00a0\u00bbleft\u00a0\u00bb css_animation=\u00a0\u00bb\u00a0\u00bb][vc_column_inner][vc_column_text css=\u00a0\u00bb\u00a0\u00bb]<\/p>\n<p style=\"text-align: center; color: #0f172a; font-family: 'Raleway', sans-serif; font-size: 28px; line-height: 28px; font-style: normal; font-weight: bold; letter-spacing: 0px; text-transform: none;\">Suscr\u00edbase a nuestro bolet\u00edn<\/p>\n<p>[\/vc_column_text][vc_empty_space height=\u00a0\u00bb6px\u00a0\u00bb][vc_column_text css=\u00a0\u00bb\u00a0\u00bb]<\/p>\n<p style=\"text-align: center;\">Mant\u00e9ngase al d\u00eda de todas nuestras novedades y promociones.<\/p>\n<p>[\/vc_column_text][vc_empty_space height=\u00a0\u00bb12px\u00a0\u00bb][\/vc_column_inner][\/vc_row_inner][vc_row_inner row_type=\u00a0\u00bbrow\u00a0\u00bb type=\u00a0\u00bbgrid\u00a0\u00bb text_align=\u00a0\u00bbleft\u00a0\u00bb css_animation=\u00a0\u00bb\u00a0\u00bb el_class=\u00a0\u00bbmobileShow_news\u00a0\u00bb][vc_column_inner width=\u00a0\u00bb1\/4&Prime;][\/vc_column_inner][vc_column_inner width=\u00a0\u00bb1\/2&Prime;][vc_column_text css=\u00a0\u00bb\u00a0\u00bb]<script>(function() {\n\twindow.mc4wp = window.mc4wp || {\n\t\tlisteners: [],\n\t\tforms: {\n\t\t\ton: function(evt, cb) {\n\t\t\t\twindow.mc4wp.listeners.push(\n\t\t\t\t\t{\n\t\t\t\t\t\tevent   : evt,\n\t\t\t\t\t\tcallback: cb\n\t\t\t\t\t}\n\t\t\t\t);\n\t\t\t}\n\t\t}\n\t}\n})();\n<\/script><!-- Mailchimp for WordPress v4.11.1 - https:\/\/wordpress.org\/plugins\/mailchimp-for-wp\/ --><form id=\"mc4wp-form-1\" class=\"mc4wp-form mc4wp-form-4278 mc4wp-form-theme mc4wp-form-theme-light mc4wp-ajax\" method=\"post\" data-id=\"4278\" data-name=\"MC-SITE-ZEN-ES-mobile\" ><div class=\"mc4wp-form-fields\"><div style=\"\">\r\n  <div style=\"margin-right:10px; margin-bottom: 20px;\">\r\n     <input style=\" width: 100%; border-radius: 8px;  padding: 12px 12px\" type=\"text\" name=\"LNAME\" placeholder=\"Nombre\" required >\r\n  <\/div> \r\n  <div style=\"margin-right:10px;margin-bottom: 20px;\">\r\n    <input style=\"width: 100%; border-radius: 8px;  padding: 12px 12px\" type=\"text\" name=\"MMERGE6\" placeholder=\"Empresa\" required>\r\n<\/div><\/div>\r\n\r\n\r\n<div style=\"\">\r\n  <div style=\"margin-right:10px; margin-bottom: 20px;\">\r\n<input style=\"width: 100%; border-radius: 8px;  padding: 12px 12px\" type=\"email\" name=\"EMAIL\" placeholder=\"Su direcci\u00f3n de correo electr\u00f3nico\" required \/>\r\n<\/div>\r\n\r\n <div style=\"margin-right:10px; margin-bottom: 20px;\">\r\n\t<input style=\"width: 100%; background-color: #008bd4 !important; border-radius: 8px; border-color: #008bd4 !important; color: #ffffff !important; font-family: Raleway; font-weight: 600; padding: 12px 22px; font-size: 13px;\" type=\"submit\" value=\"Suscr\u00edbase\" \/>\r\n<\/div>\r\n<\/div>\r\n<\/div><label style=\"display: none !important;\">Laissez ce champ vide si vous \u00eates humain\u00a0: <input type=\"text\" name=\"_mc4wp_honeypot\" value=\"\" tabindex=\"-1\" autocomplete=\"off\" \/><\/label><input type=\"hidden\" name=\"_mc4wp_timestamp\" value=\"1775523578\" \/><input type=\"hidden\" name=\"_mc4wp_form_id\" value=\"4278\" \/><input type=\"hidden\" name=\"_mc4wp_form_element_id\" value=\"mc4wp-form-1\" \/><div class=\"mc4wp-response\"><\/div><\/form><!-- \/ Mailchimp for WordPress Plugin -->[\/vc_column_text][\/vc_column_inner][vc_column_inner width=\u00a0\u00bb1\/4&Prime;][\/vc_column_inner][\/vc_row_inner][vc_row_inner row_type=\u00a0\u00bbrow\u00a0\u00bb type=\u00a0\u00bbgrid\u00a0\u00bb text_align=\u00a0\u00bbleft\u00a0\u00bb css_animation=\u00a0\u00bb\u00a0\u00bb el_class=\u00a0\u00bbmobileHide_news\u00a0\u00bb][vc_column_inner width=\u00a0\u00bb1\/4&Prime;][\/vc_column_inner][vc_column_inner width=\u00a0\u00bb1\/2&Prime;][vc_column_text css=\u00a0\u00bb\u00a0\u00bb]<script>(function() {\n\twindow.mc4wp = window.mc4wp || {\n\t\tlisteners: [],\n\t\tforms: {\n\t\t\ton: function(evt, cb) {\n\t\t\t\twindow.mc4wp.listeners.push(\n\t\t\t\t\t{\n\t\t\t\t\t\tevent   : evt,\n\t\t\t\t\t\tcallback: cb\n\t\t\t\t\t}\n\t\t\t\t);\n\t\t\t}\n\t\t}\n\t}\n})();\n<\/script><!-- Mailchimp for WordPress v4.11.1 - https:\/\/wordpress.org\/plugins\/mailchimp-for-wp\/ --><form id=\"mc4wp-form-2\" class=\"mc4wp-form mc4wp-form-4274 mc4wp-form-theme mc4wp-form-theme-light mc4wp-ajax\" method=\"post\" data-id=\"4274\" data-name=\"MC-SITE-ZEN-ES-ecran\" ><div class=\"mc4wp-form-fields\"><div style=\"display: flex;\r\n  align-items: center;\r\n  justify-content: center;\">\r\n  <div style=\"float:left !important; margin-right:10px; width: 50% !important; margin-bottom: 20px;\">\r\n     <input style=\"border-radius: 8px;  padding: 12px 12px\" type=\"text\" name=\"LNAME\" placeholder=\"Nombre\" required >\r\n  <\/div> \r\n  <div style=\"float:left !important; margin-right:10px; width: 50% !important; margin-bottom: 20px;\">\r\n    <input style=\"border-radius: 8px;  padding: 12px 12px\" type=\"text\" name=\"MMERGE6\" placeholder=\"Empresa\" required>\r\n<\/div><\/div>\r\n\r\n\r\n<div style=\"display: flex;\r\n  align-items: center;\r\n  justify-content: center;\">\r\n  <div style=\"float:left !important; margin-right:10px; width: 80% !important; margin-bottom: 20px;\">\r\n<input style=\"border-radius: 8px;  padding: 12px 12px\" type=\"email\" name=\"EMAIL\" placeholder=\"Su direcci\u00f3n de correo electr\u00f3nico\" required \/>\r\n<\/div>\r\n\r\n <div style=\"float:left !important; margin-right:10px; width: 20% !important; margin-bottom: 20px;\">\r\n\t<input style=\"background-color: #008bd4 !important; border-radius: 8px; border-color: #008bd4 !important; color: #ffffff !important; font-family: Raleway; font-weight: 600; padding: 12px 22px; font-size: 13px;\" type=\"submit\" value=\"Suscr\u00edbase\" \/>\r\n<\/div>\r\n<\/div>\r\n<\/div><label style=\"display: none !important;\">Laissez ce champ vide si vous \u00eates humain\u00a0: <input type=\"text\" name=\"_mc4wp_honeypot\" value=\"\" tabindex=\"-1\" autocomplete=\"off\" \/><\/label><input type=\"hidden\" name=\"_mc4wp_timestamp\" value=\"1775523578\" \/><input type=\"hidden\" name=\"_mc4wp_form_id\" value=\"4274\" \/><input type=\"hidden\" name=\"_mc4wp_form_element_id\" value=\"mc4wp-form-2\" \/><div class=\"mc4wp-response\"><\/div><\/form><!-- \/ Mailchimp for WordPress Plugin -->[\/vc_column_text][\/vc_column_inner][vc_column_inner width=\u00a0\u00bb1\/4&Prime;][\/vc_column_inner][\/vc_row_inner][vc_row_inner row_type=\u00a0\u00bbrow\u00a0\u00bb type=\u00a0\u00bbfull_width\u00a0\u00bb text_align=\u00a0\u00bbleft\u00a0\u00bb css_animation=\u00a0\u00bb\u00a0\u00bb][vc_column_inner][vc_empty_space height=\u00a0\u00bb62px\u00a0\u00bb][\/vc_column_inner][\/vc_row_inner][\/vc_column][\/vc_row]<\/p>\n<\/div>","protected":false},"excerpt":{"rendered":"<p>[vc_row css_animation=\u00a0\u00bb\u00a0\u00bb row_type=\u00a0\u00bbrow\u00a0\u00bb use_row_as_full_screen_section=\u00a0\u00bbno\u00a0\u00bb type=\u00a0\u00bbgrid\u00a0\u00bb angled_section=\u00a0\u00bbno\u00a0\u00bb text_align=\u00a0\u00bbleft\u00a0\u00bb background_image_as_pattern=\u00a0\u00bbwithout_pattern\u00a0\u00bb z_index=\u00a0\u00bb\u00a0\u00bb css=\u00a0\u00bb.vc_custom_1725962007653{background-color: #F8FAFC !important;}\u00a0\u00bb][vc_column width=\u00a0\u00bb2\/3&Prime;][vc_empty_space][vc_column_text css=\u00a0\u00bb\u00a0\u00bb] \u00bfQui\u00e9n cre\u00f3 el primer Cat\u00e1logo Razonado de la Historia? [\/vc_column_text][vc_empty_space height=\u00a0\u00bb20px\u00a0\u00bb][\/vc_column][vc_column width=\u00a0\u00bb1\/3&Prime;][\/vc_column][\/vc_row][vc_row css_animation=\u00a0\u00bb\u00a0\u00bb row_type=\u00a0\u00bbrow\u00a0\u00bb use_row_as_full_screen_section=\u00a0\u00bbno\u00a0\u00bb type=\u00a0\u00bbgrid\u00a0\u00bb angled_section=\u00a0\u00bbno\u00a0\u00bb text_align=\u00a0\u00bbleft\u00a0\u00bb background_image_as_pattern=\u00a0\u00bbwithout_pattern\u00a0\u00bb z_index=\u00a0\u00bb\u00a0\u00bb css=\u00a0\u00bb.vc_custom_1725962054189{background-color: #F8FAFC !important;}\u00a0\u00bb][vc_column][vc_row_inner row_type=\u00a0\u00bbrow\u00a0\u00bb type=\u00a0\u00bbfull_width\u00a0\u00bb text_align=\u00a0\u00bbleft\u00a0\u00bb css_animation=\u00a0\u00bb\u00a0\u00bb][vc_column_inner width=\u00a0\u00bb2\/3&Prime;][vc_column_text css=\u00a0\u00bb\u00a0\u00bb]El primer Cat\u00e1logo&#8230;<\/p>\n","protected":false},"author":3,"featured_media":0,"parent":5884,"menu_order":0,"comment_status":"closed","ping_status":"closed","template":"full_width.php","meta":{"_monsterinsights_skip_tracking":false,"_monsterinsights_sitenote_active":false,"_monsterinsights_sitenote_note":"","_monsterinsights_sitenote_category":0,"footnotes":""},"class_list":["post-5754","page","type-page","status-publish","hentry"],"yoast_head":"<!-- This site is optimized with the Yoast SEO plugin v26.9 - https:\/\/yoast.com\/product\/yoast-seo-wordpress\/ -->\n<title>Origen del primer cat\u00e1logo razonado: \u00bfqui\u00e9n lo cre\u00f3?<\/title>\n<meta name=\"description\" content=\"Descubre qui\u00e9n cre\u00f3 el primer cat\u00e1logo razonado de la historia y su impacto en la documentaci\u00f3n y autenticaci\u00f3n del arte.\" \/>\n<meta name=\"robots\" content=\"index, follow, max-snippet:-1, max-image-preview:large, max-video-preview:-1\" \/>\n<link rel=\"canonical\" href=\"https:\/\/inventozen.com\/index.php\/es\/aticulo-esencial-catalogo-razonado\/quien-creo-el-primer-catalogo-razonado-de-la-historia\/\" \/>\n<meta property=\"og:locale\" content=\"fr_FR\" \/>\n<meta property=\"og:type\" content=\"article\" \/>\n<meta property=\"og:title\" content=\"Origen del primer cat\u00e1logo razonado: \u00bfqui\u00e9n lo cre\u00f3?\" \/>\n<meta property=\"og:description\" content=\"Descubre qui\u00e9n cre\u00f3 el primer cat\u00e1logo razonado de la historia y su impacto en la documentaci\u00f3n y autenticaci\u00f3n del arte.\" \/>\n<meta property=\"og:url\" content=\"https:\/\/inventozen.com\/index.php\/es\/aticulo-esencial-catalogo-razonado\/quien-creo-el-primer-catalogo-razonado-de-la-historia\/\" \/>\n<meta property=\"og:site_name\" content=\"InventoZen\" \/>\n<meta property=\"article:modified_time\" content=\"2025-07-17T13:13:14+00:00\" \/>\n<meta name=\"twitter:card\" content=\"summary_large_image\" \/>\n<meta name=\"twitter:label1\" content=\"Dur\u00e9e de lecture estim\u00e9e\" \/>\n\t<meta name=\"twitter:data1\" content=\"3 minutes\" \/>\n<script type=\"application\/ld+json\" class=\"yoast-schema-graph\">{\"@context\":\"https:\/\/schema.org\",\"@graph\":[{\"@type\":\"WebPage\",\"@id\":\"https:\/\/inventozen.com\/index.php\/es\/aticulo-esencial-catalogo-razonado\/quien-creo-el-primer-catalogo-razonado-de-la-historia\/\",\"url\":\"https:\/\/inventozen.com\/index.php\/es\/aticulo-esencial-catalogo-razonado\/quien-creo-el-primer-catalogo-razonado-de-la-historia\/\",\"name\":\"Origen del primer cat\u00e1logo razonado: \u00bfqui\u00e9n lo cre\u00f3?\",\"isPartOf\":{\"@id\":\"https:\/\/inventozen.com\/#website\"},\"datePublished\":\"2025-07-16T09:37:34+00:00\",\"dateModified\":\"2025-07-17T13:13:14+00:00\",\"description\":\"Descubre qui\u00e9n cre\u00f3 el primer cat\u00e1logo razonado de la historia y su impacto en la documentaci\u00f3n y autenticaci\u00f3n del arte.\",\"breadcrumb\":{\"@id\":\"https:\/\/inventozen.com\/index.php\/es\/aticulo-esencial-catalogo-razonado\/quien-creo-el-primer-catalogo-razonado-de-la-historia\/#breadcrumb\"},\"inLanguage\":\"fr-FR\",\"potentialAction\":[{\"@type\":\"ReadAction\",\"target\":[\"https:\/\/inventozen.com\/index.php\/es\/aticulo-esencial-catalogo-razonado\/quien-creo-el-primer-catalogo-razonado-de-la-historia\/\"]}]},{\"@type\":\"BreadcrumbList\",\"@id\":\"https:\/\/inventozen.com\/index.php\/es\/aticulo-esencial-catalogo-razonado\/quien-creo-el-primer-catalogo-razonado-de-la-historia\/#breadcrumb\",\"itemListElement\":[{\"@type\":\"ListItem\",\"position\":1,\"name\":\"Accueil\",\"item\":\"https:\/\/inventozen.com\/\"},{\"@type\":\"ListItem\",\"position\":2,\"name\":\"Art\u00edculo esencial \u2013 Cat\u00e1logo razonado\",\"item\":\"https:\/\/inventozen.com\/index.php\/es\/aticulo-esencial-catalogo-razonado\/\"},{\"@type\":\"ListItem\",\"position\":3,\"name\":\"\u00bfQui\u00e9n cre\u00f3 el primer Cat\u00e1logo Razonado de la Historia?\"}]},{\"@type\":\"WebSite\",\"@id\":\"https:\/\/inventozen.com\/#website\",\"url\":\"https:\/\/inventozen.com\/\",\"name\":\"InventoZen\",\"description\":\"La technologie au service de l&#039;art\",\"potentialAction\":[{\"@type\":\"SearchAction\",\"target\":{\"@type\":\"EntryPoint\",\"urlTemplate\":\"https:\/\/inventozen.com\/?s={search_term_string}\"},\"query-input\":{\"@type\":\"PropertyValueSpecification\",\"valueRequired\":true,\"valueName\":\"search_term_string\"}}],\"inLanguage\":\"fr-FR\"}]}<\/script>\n<!-- \/ Yoast SEO plugin. -->","yoast_head_json":{"title":"Origen del primer cat\u00e1logo razonado: \u00bfqui\u00e9n lo cre\u00f3?","description":"Descubre qui\u00e9n cre\u00f3 el primer cat\u00e1logo razonado de la historia y su impacto en la documentaci\u00f3n y autenticaci\u00f3n del arte.","robots":{"index":"index","follow":"follow","max-snippet":"max-snippet:-1","max-image-preview":"max-image-preview:large","max-video-preview":"max-video-preview:-1"},"canonical":"https:\/\/inventozen.com\/index.php\/es\/aticulo-esencial-catalogo-razonado\/quien-creo-el-primer-catalogo-razonado-de-la-historia\/","og_locale":"fr_FR","og_type":"article","og_title":"Origen del primer cat\u00e1logo razonado: \u00bfqui\u00e9n lo cre\u00f3?","og_description":"Descubre qui\u00e9n cre\u00f3 el primer cat\u00e1logo razonado de la historia y su impacto en la documentaci\u00f3n y autenticaci\u00f3n del arte.","og_url":"https:\/\/inventozen.com\/index.php\/es\/aticulo-esencial-catalogo-razonado\/quien-creo-el-primer-catalogo-razonado-de-la-historia\/","og_site_name":"InventoZen","article_modified_time":"2025-07-17T13:13:14+00:00","twitter_card":"summary_large_image","twitter_misc":{"Dur\u00e9e de lecture estim\u00e9e":"3 minutes"},"schema":{"@context":"https:\/\/schema.org","@graph":[{"@type":"WebPage","@id":"https:\/\/inventozen.com\/index.php\/es\/aticulo-esencial-catalogo-razonado\/quien-creo-el-primer-catalogo-razonado-de-la-historia\/","url":"https:\/\/inventozen.com\/index.php\/es\/aticulo-esencial-catalogo-razonado\/quien-creo-el-primer-catalogo-razonado-de-la-historia\/","name":"Origen del primer cat\u00e1logo razonado: \u00bfqui\u00e9n lo cre\u00f3?","isPartOf":{"@id":"https:\/\/inventozen.com\/#website"},"datePublished":"2025-07-16T09:37:34+00:00","dateModified":"2025-07-17T13:13:14+00:00","description":"Descubre qui\u00e9n cre\u00f3 el primer cat\u00e1logo razonado de la historia y su impacto en la documentaci\u00f3n y autenticaci\u00f3n del arte.","breadcrumb":{"@id":"https:\/\/inventozen.com\/index.php\/es\/aticulo-esencial-catalogo-razonado\/quien-creo-el-primer-catalogo-razonado-de-la-historia\/#breadcrumb"},"inLanguage":"fr-FR","potentialAction":[{"@type":"ReadAction","target":["https:\/\/inventozen.com\/index.php\/es\/aticulo-esencial-catalogo-razonado\/quien-creo-el-primer-catalogo-razonado-de-la-historia\/"]}]},{"@type":"BreadcrumbList","@id":"https:\/\/inventozen.com\/index.php\/es\/aticulo-esencial-catalogo-razonado\/quien-creo-el-primer-catalogo-razonado-de-la-historia\/#breadcrumb","itemListElement":[{"@type":"ListItem","position":1,"name":"Accueil","item":"https:\/\/inventozen.com\/"},{"@type":"ListItem","position":2,"name":"Art\u00edculo esencial \u2013 Cat\u00e1logo razonado","item":"https:\/\/inventozen.com\/index.php\/es\/aticulo-esencial-catalogo-razonado\/"},{"@type":"ListItem","position":3,"name":"\u00bfQui\u00e9n cre\u00f3 el primer Cat\u00e1logo Razonado de la Historia?"}]},{"@type":"WebSite","@id":"https:\/\/inventozen.com\/#website","url":"https:\/\/inventozen.com\/","name":"InventoZen","description":"La technologie au service de l&#039;art","potentialAction":[{"@type":"SearchAction","target":{"@type":"EntryPoint","urlTemplate":"https:\/\/inventozen.com\/?s={search_term_string}"},"query-input":{"@type":"PropertyValueSpecification","valueRequired":true,"valueName":"search_term_string"}}],"inLanguage":"fr-FR"}]}},"_links":{"self":[{"href":"https:\/\/inventozen.com\/index.php\/wp-json\/wp\/v2\/pages\/5754","targetHints":{"allow":["GET"]}}],"collection":[{"href":"https:\/\/inventozen.com\/index.php\/wp-json\/wp\/v2\/pages"}],"about":[{"href":"https:\/\/inventozen.com\/index.php\/wp-json\/wp\/v2\/types\/page"}],"author":[{"embeddable":true,"href":"https:\/\/inventozen.com\/index.php\/wp-json\/wp\/v2\/users\/3"}],"replies":[{"embeddable":true,"href":"https:\/\/inventozen.com\/index.php\/wp-json\/wp\/v2\/comments?post=5754"}],"version-history":[{"count":4,"href":"https:\/\/inventozen.com\/index.php\/wp-json\/wp\/v2\/pages\/5754\/revisions"}],"predecessor-version":[{"id":5760,"href":"https:\/\/inventozen.com\/index.php\/wp-json\/wp\/v2\/pages\/5754\/revisions\/5760"}],"up":[{"embeddable":true,"href":"https:\/\/inventozen.com\/index.php\/wp-json\/wp\/v2\/pages\/5884"}],"wp:attachment":[{"href":"https:\/\/inventozen.com\/index.php\/wp-json\/wp\/v2\/media?parent=5754"}],"curies":[{"name":"wp","href":"https:\/\/api.w.org\/{rel}","templated":true}]}}